e the remainder when ((-4)/(-2))/(o/w) is divided by 31.
26
Let s = 15346 + -15206. What is the remainder when 154 is divided by s?
14
Calculate the remainder when (-76)/68 + 1 - 102791/(-221) is divided by 148.
21
Calculate the remainder when 8695 is divided by (-1 - (-243)/(-18))/(15/(-90)).
82
Let o be 208/48 - 2/6. Let i be 2/8 + (-93)/o. Calculate the remainder when i/(-3) - 5/(-15) is divided by 4.
0
Let h be -4*43/(-8)*2. Suppose 8*w + 180 = 11*w. Let i = w - h. Calculate the remainder when i is divided by 3.
2
Suppose -18*j = -19*j + 76. Let u = 152 - 78. Let p = -48 + u. Calculate the remainder when j is divided by p.
24
Let f(x) = 398*x + 7167. Calculate the remainder when 410 is divided by f(-18).
2
Let t be 4 - (-6 - (6 - 658)). What is the remainder when ((-18)/12)/((27/t)/3) is divided by 16?
11
Let l = -1868 + 3708. What is the remainder when l is divided by 77?
69
Let i = -84 - -284. Suppose -20*h - i = -16*h. What is the remainder when 60/h*(-18 + 4/(-2)) is divided by 14?
10
Suppose -688 - 1280 = -v - 23*v. Calculate the remainder when 1060 is divided by v.
76
Let s(d) = 20*d**2 - 2*d - 2. Suppose -15 = -46*a + 43*a. Calculate the remainder when s(2) is divided by (4/8)/((-1)/(a + -27)).
8
Suppose -48 = 6*u - 10*u. Let w be (-2560)/(-48) - (-2)/(-6). Let z = w - 8. What is the remainder when z is divided by u?
9
Let n(m) = 2*m + 50. Let v(k) = 65 + 5*k - 29 - 17 - k**2. Let c be v(9). What is the remainder when 40 is divided by n(c)?
8
Let s = -415 + 442. What is the remainder when 159 is divided by s?
24
Let j(g) = 4*g**2 - 9*g + 32. Let r(y) = -4*y**2 + 8*y - 31. Let n(q) = -3*j(q) - 4*r(q). What is the remainder when 244 is divided by n(3)?
48
Calculate the remainder when 3169 is divided by (-10)/1 - (-35 + 23).
1
Let u(r) = 4*r**3 - 123*r**2 - 27*r + 65. What is the remainder when u(31) is divided by 12?
9
Let c(y) = 29*y - 116. Let w(j) = -14*j + 59. Let t(k) = 3*c(k) + 5*w(k). What is the remainder when t(7) is divided by 36?
30
Suppose -5*s + 8 = 5*i + 23, 2*s + 2 = -i. Let z = 27 + i. Calculate the remainder when 134/(-268) + (-166)/(-4) is divided by z.
18
Let j be 35/14 - 6/(-4). Suppose -1 = j*d - 9. Suppose -24 - 52 = -d*x. Calculate the remainder when x is divided by 13.
12
Let v(c) = -2*c**2 + 136*c - 453. What is the remainder when v(64) is divided by 20?
19
Calculate the remainder when 37 is divided by 4*(2/(9 - -5) + (-27)/(-7)).
5
Suppose 121*n - 2256 = -69*n + 96*n. Suppose 4*c - 273 + 69 = 0. What is the remainder when c is divided by n?
3
Suppose -4*u - 12 = 0, -3*w + 7*w = 2*u + 62. Let g(a) = -10*a. Let f be g(-1). Let p = -4 + f. What is the remainder when w is divided by p?
2
Let d(v) = v**2 - 5*v + 1. Let j(x) = 9 - 6 + 4 - 5*x. What is the remainder when j(-4) is divided by d(6)?
6
Let z(g) = -38*g - 50. Let p be z(-6). Suppose -p - 30 = -2*u. What is the remainder when u is divided by 54?
50
Suppose -4*c = 49 + 7. Let j = 20 + c. Suppose -2*h - 100 = -j*h. Calculate the remainder when h is divided by 7.
4
Let v = 139 - -892. Let x = v - 652. What is the remainder when x is divided by 16?
11
Suppose 59 = 2*z - a, 3*z + 2*a + 2*a = 116. Suppose -z*f + 8*f = -96. Let s = 43 - 16. What is the remainder when s is divided by f?
3
Let r = -10 + 46. Let s(t) = 6*t - 6. Let u be s(8). Let z = u - r. What is the remainder when 13 is divided by z?
1
Let r = -158 - -278. What is the remainder when 319 is divided by r?
79
Suppose 8*z - 3*z = 45. Let s = -10451 - -10451. Suppose s = 3*a + z, w = 5*w - a - 35. What is the remainder when 37 is divided by w?
5
Let a = -31 + 186. Let r = a + -75. Calculate the remainder when r is divided by 14.
10
Let f(z) be the first derivative of -z**4/4 - 11*z**3/3 - 4*z**2 - 32*z - 79. What is the remainder when f(-11) is divided by 43?
13
Let l(b) = -b + 30. Suppose 3220 = -24*f + 70*f. What is the remainder when f is divided by l(9)?
7
Let h(i) = -i**3 + 2*i**2 - i - 21. Let d(l) = l - 6. Let m(r) = -3*r + 49. Let z be m(16). Let f be d(z). What is the remainder when h(f) is divided by 40?
39
Let f = 38 - 38. Suppose -3*p + 3*r + 60 = f, 4*p - r = r + 78. Let n(l) = -l + 28. What is the remainder when 14 is divided by n(p)?
5
Suppose f + 43*a - 41*a = 35, 0 = 2*f + 5*a - 73. What is the remainder when 280 is divided by f?
19
Let z(b) = -b**3 + 10*b**2 - 9*b + 9. Let n be z(9). Suppose n*p = 1061 + 469. What is the remainder when p is divided by 59?
52
Let b = -5621 + 5797. Calculate the remainder when 831 is divided by b.
127
Let i be (-129)/(-27) + 2/9. Suppose -29 = -w + 2*g, -i*w + 0*w - 2*g = -97. Let k = 6 + w. What is the remainder when k is divided by 14?
13
Let d(k) = 2*k - 5. Let p(b) = 5*b - 15. Let r(j) = -17*d(j) + 6*p(j). Let o = -52 - -106. What is the remainder when o is divided by r(-6)?
16
Suppose -244 - 39 = -o - 5*a, -4*a = -3*o + 773. What is the remainder when o is divided by 50?
13
Let p(w) = -w**3 - 4*w**2 + 2*w + 2. Let t(j) = -79*j**3 - 5*j**2 + 78*j**3 + 6*j + 3 + 4. What is the remainder when p(-5) is divided by t(-6)?
3
Let g = 24 - 26. Let q = 1931 - 1854. What is the remainder when q is divided by (27/(-45))/(g/20)?
5
Let d be (0 - -1)*(-14)/(-7). Calculate the remainder when (0 - -18)*d/6 - -3 is divided by 4.
1
Let t(r) be the third derivative of -8*r**4/3 + 5*r**3/6 - 15*r**2. Let v be t(6). Let g = -270 - v. What is the remainder when g is divided by 37?
35
What is the remainder when 1080 is divided by (10/3)/(8/(39072/44))?
340
Suppose -4*y = -n + 24, 2*n + y + 0*y = 3. Suppose n*d - 156 = 108. Let f(u) = 2*u**2 + 8*u - 71. What is the remainder when d is divided by f(5)?
9
Let o(f) = -2*f**2 - 22*f + 19*f + 38*f + 14. What is the remainder when o(15) is divided by 30?
29
Let k(v) = -29*v + 118. Let m be k(4). Suppose 3*t = -x + 305, 4 = 4*x - m*x. What is the remainder when t is divided by 15?
11
Suppose 44 = -r + 7. Let v = r + 29. Let t(c) = c**3 + 9*c**2 - 12*c - 7. Calculate the remainder when t(v) is divided by 26.
23
Suppose w - 2*w = 1. Calculate the remainder when (-29 + 56980/1924)/(4/26) is divided by w - -3 - (-1 + -1).
0
Suppose 33*v - 10272 + 4233 = 0. What is the remainder when v is divided by 17?
13
Suppose 38*r - 39*r - 42 = -k, 5*r = -2*k + 105. Calculate the remainder when 122 is divided by k.
32
Suppose -13*u + 254 = 7. Let d be -1*5 + u + -12. Suppose 0 = -0*a + 4*a - 4, d*t + 5*a - 51 = 0. What is the remainder when t is divided by 4?
3
Suppose 0 = 5*a + 3*w + 6, 0*w - 2 = 2*a + w. Let s(c) = -c**2 + 2*c + 13. What is the remainder when -2*(4/16 + 276/(-16)) is divided by s(a)?
8
Suppose -402*g + 386*g + 256 = 0. Let v(k) = k**3 + 3*k + 4. Let l = -3 + 6. Calculate the remainder when v(l) is divided by g.
8
Suppose l + 2*f + 0*f - 158 = 0, l = -f + 156. Let v(r) = 112*r + 711. What is the remainder when l is divided by v(-6)?
37
Suppose -5368 = -19*x + 15*x - 5*o, 4*x + o = 5384. What is the remainder when x is divided by 10?
7
Suppose -10*m - 31556 = -17*m. Calculate the remainder when 262 is divided by m/138 + (-2)/(-6).
31
Let r = 5451 - 5365. Let o = 74 - 22. Let v = -22 + o. What is the remainder when r is divided by v?
26
Suppose -33*s = 10*s - 5332. Calculate the remainder when 242 is divided by s.
118
Let p = -10309 + 10327. Calculate the remainder when 4803 is divided by p.
15
Let k = 7 + -3. Suppose 5*c - 3*d - 86 = 0, k*d = -3*c + 86 - 17. Let n(q) = -q**2 + 11*q - 24. What is the remainder when c is divided by n(6)?
1
Suppose -5*o - 130*a + 2729 = -127*a, a - 1639 = -3*o. Calculate the remainder when o is divided by 71.
50
Let g(u) be the second derivative of -53*u**3/6 + 21*u**2/2 + 39*u. Let w be g(-6). Let i = w + -114. Calculate the remainder when i is divided by 12.
9
Suppose 4*v = -2*z + 60, 2*z - 9*v - 51 = -4*v. What is the remainder when 64 is divided by z?
8
Let r(g) = -g**2 + 21*g - 3. Let x = 49 - 28. Let p be r(x). Calculate the remainder when (18 - -4)*((-6)/p)/4 is divided by 6.
5
Let r(l) = -l**3 - 6*l**2 + 8*l - 2. Let h be r(-8). Let i = h - 58. Suppose i*k = 6*k - 238. Calculate the remainder when k is divided by 15.
14
Let v = 8498 - 8243. Calculate the remainder when 269 is divided by v.
14
Let j = -6546 + 7044. What is the remainder when j is divided by 299?
199
Suppose 4*w - 3*p -